{"id":3734,"date":"2023-07-06T13:04:27","date_gmt":"2023-07-06T12:04:27","guid":{"rendered":"http:\/\/www.apbb.de\/weblog\/?page_id=3734"},"modified":"2026-04-15T10:18:43","modified_gmt":"2026-04-15T09:18:43","slug":"stellenangebote","status":"publish","type":"page","link":"https:\/\/www.apbb.de\/weblog\/?page_id=3734","title":{"rendered":"Stellenangebote"},"content":{"rendered":"\n<hr class=\"wp-block-separator has-alpha-channel-opacity\"\/>\n\n\n\n<p>Wenn Sie ein Stellenangebot aus dem Bereich der Parlaments- und Beh\u00f6rdenbibliotheken hier ver\u00f6ffentlichen m\u00f6chten, verwenden Sie bitte diesen Link: <a href=\"mailto:stellenangebote@apbb.de?subject=Bitte um Ver\u00f6ffentlichung eines Stellenangebots\">Bitte um Ver\u00f6ffentlichung eines Stellenangebots<\/a>.<\/p>\n\n\n\n<hr class=\"wp-block-separator has-alpha-channel-opacity\"\/>\n\n\n\n<p>Weitere Stellenangebote von Bibliotheken, Archiven und Informationseinrichtungen finden Sie bei <a href=\"https:\/\/bibliojobs.eu\/\" target=\"_blank\" rel=\"noreferrer noopener\">BiblioJobs<\/a>.<\/p>\n\n\n\n<p><\/p>\n\n\n\n<p><\/p>\n","protected":false},"excerpt":{"rendered":"<p>Wenn Sie ein Stellenangebot aus dem Bereich der Parlaments- und Beh\u00f6rdenbibliotheken hier ver\u00f6ffentlichen m\u00f6chten, verwenden Sie bitte diesen Link: Bitte um Ver\u00f6ffentlichung eines Stellenangebots. Weitere Stellenangebote von Bibliotheken, Archiven und Informationseinrichtungen finden Sie bei BiblioJobs.<\/p>\n","protected":false},"author":47,"featured_media":0,"parent":0,"menu_order":0,"comment_status":"closed","ping_status":"closed","template":"","meta":{"footnotes":""},"class_list":["post-3734","page","type-page","status-publish","hentry"],"_links":{"self":[{"href":"https:\/\/www.apbb.de\/weblog\/index.php?rest_route=\/wp\/v2\/pages\/3734","targetHints":{"allow":["GET"]}}],"collection":[{"href":"https:\/\/www.apbb.de\/weblog\/index.php?rest_route=\/wp\/v2\/pages"}],"about":[{"href":"https:\/\/www.apbb.de\/weblog\/index.php?rest_route=\/wp\/v2\/types\/page"}],"author":[{"embeddable":true,"href":"https:\/\/www.apbb.de\/weblog\/index.php?rest_route=\/wp\/v2\/users\/47"}],"replies":[{"embeddable":true,"href":"https:\/\/www.apbb.de\/weblog\/index.php?rest_route=%2Fwp%2Fv2%2Fcomments&post=3734"}],"version-history":[{"count":226,"href":"https:\/\/www.apbb.de\/weblog\/index.php?rest_route=\/wp\/v2\/pages\/3734\/revisions"}],"predecessor-version":[{"id":5259,"href":"https:\/\/www.apbb.de\/weblog\/index.php?rest_route=\/wp\/v2\/pages\/3734\/revisions\/5259"}],"wp:attachment":[{"href":"https:\/\/www.apbb.de\/weblog\/index.php?rest_route=%2Fwp%2Fv2%2Fmedia&parent=3734"}],"curies":[{"name":"wp","href":"https:\/\/api.w.org\/{rel}","templated":true}]}}